83
What is -12 (base 4) in base 9?
-6
What is 1 (base 11) in base 15?
1
What is -167 (base 9) in base 11?
-11a
-80 (base 9) to base 14
-52
Convert 10 (base 4) to base 9.
4
1 (base 7) to base 12
1
Convert 3 (base 10) to base 8.
3
What is a (base 15) in base 5?
20
70 (base 9) to base 13
4b
-1a (base 13) to base 5
-43
-1101110 (base 2) to base 13
-86
What is 53 (base 7) in base 3?
1102
What is cd (base 14) in base 8?
265
Convert -132 (base 4) to base 9.
-33
-17 (base 10) to base 15
-12
16b (base 15) to base 8
506
What is -10121 (base 3) in base 8?
-141
What is -4 (base 6) in base 7?
-4
What is 0 (base 6) in base 11?
0
51 (base 9) to base 12
3a
What is 2 (base 15) in base 9?
2
10303 (base 4) to base 2
100110011
-1050 (base 6) to base 8
-366
Convert 33 (base 10) to base 6.
53
What is -15b (base 14) in base 4?
-10111
What is 10 (base 15) in base 12?
13
141 (base 10) to base 14
a1
What is 1 (base 15) in base 7?
1
Convert -153 (base 6) to base 14.
-4d
What is 2b (base 16) in base 14?
31
Convert -2 (base 6) to base 8.
-2
Convert 2 (base 16) to base 9.
2
Convert 8 (base 14) to base 16.
8
What is 15 (base 10) in base 13?
12
Convert 21 (base 7) to base 9.
16
300 (base 5) to base 8
113
What is 0 (base 8) in base 15?
0
Convert -30 (base 14) to base 10.
-42
Convert -214 (base 6) to base 10.
-82
What is 83 (base 14) in base 10?
115
3 (base 4) to base 2
11
7 (base 15) to base 12
7
What is -17 (base 9) in base 15?
-11
What is -153 (base 12) in base 10?
-207
Convert -1a (base 12) to base 13.
-19
Convert -35 (base 10) to base 15.
-25
What is -8 (base 9) in base 3?
-22
What is -a (base 16) in base 12?
-a
Convert -1 (base 16) to base 10.
-1
Convert 1 (base 10) to base 13.
1
Convert 101 (base 3) to base 6.
14
-41 (base 10) to base 2
-101001
Convert 11110 (base 2) to base 15.
20
10 (base 2) to base 15
2
1 (base 6) to base 14
1
-6 (base 7) to base 14
-6
What is 214 (base 5) in base 10?
59
Convert 132 (base 11) to base 12.
110
11 (base 4) to base 8
5
Convert -100110000 (base 2) to base 16.
-130
-1 (base 9) to base 4
-1
-151 (base 9) to base 15
-87
2 (base 12) to base 4
2
10 (base 7) to base 12
7
6f (base 16) to base 2
1101111
Convert 2101 (base 3) to base 10.
64
What is -2 (base 11) in base 3?
-2
What is 5 (base 15) in base 12?
5
Convert 0 (base 13) to base 12.
0
Convert -10 (base 6) to base 16.
-6
Convert -4 (base 8) to base 6.
-4
Convert 8 (base 9) to base 15.
8
What is -1 (base 7) in base 12?
-1
What is 11111 (base 2) in base 14?
23
What is -1000 (base 2) in base 12?
-8
What is -128 (base 14) in base 4?
-3220
Convert -2 (base 4) to base 3.
-2
-242 (base 6) to base 10
-98
Convert -4 (base 8) to base 6.
-4
What is 2042 (base 5) in base 7?
536
Convert -7 (base 15) to base 3.
-21
Convert -110 (base 10) to base 16.
-6e
Convert 10 (base 8) to base 9.
8
Convert -66 (base 9) to base 2.
-111100
-1002 (base 4) to base 7
-123
-9d (base 16) to base 15
-a7
0 (base 5) to base 11
0
-21 (base 10) to base 2
-10101
-5 (base 11) to base 3
-12
What is -9a (base 16) in base 8?
-232
What is -3 (base 14) in base 11?
-3
Convert -4 (base 11) to base 4.
-10
What is -61 (base 10) in base 9?
-67
Convert -85 (base 10) to base 9.
-104
What is -2 (base 6) in base 11?
-2
115 (base 8) to base 13
5c
Convert 5 (base 11) to base 6.
5
Convert -4 (base 7) to base 15.
-4
-11110 (base 2) to base 11
-28
Convert -2 (base 16) to base 8.
-2
Convert -20 (base 3) to base 6.
-10
What is -22 (base 3) in base 14?
-8
-12 (base 9) to base 7
-14
306 (base 11) to base 7
1035
100010 (base 2) to base 14
26
1000 (base 2) to base 14
8
Convert 16 (base 16) to base 9.
24
Convert 101 (base 3) to base 11.
a
Convert 2 (base 13) to base 6.
2
210 (base 8) to base 15
91
Convert 124 (base 5) to base 8.
47
-3 (base 11) to base 10
-3
Convert 3b (base 12) to base 14.
35
-36 (base 10) to base 2
-100100
What is -1 (base 8) in base 4?
-1
Convert 21 (base 13) to base 2.
11011
Convert 11110110 (base 2) to base 12.
186
What is 10 (base 6) in base 3?
20
Convert 3 (base 8) to base 7.
3
-66 (base 14) to base 3
-10100
What is ba (base 13) in base 12?
109
Convert 1 (base 7) to base 11.
1
Convert 37 (base 13) to base 7.
64
2a (base 13) to base 6
100
What is 0 (base 3) in base 4?
0
What is -16 (base 9) in base 8?
-17
Convert -4 (base 16) to base 4.
-10
What is 20 (base 4) in base 12?
8
Convert -4 (base 13) to base 16.
-4
129 (base 12) to base 2
10110001
-1 (base 8) to base 10
-1
1 (base 16) to base 7
1
-c (base 16) to base 9
-13
What is -5 (base 12) in base 9?
-5
10 (base 15) to base 8
17
Convert 21 (base 11) to base 6.
35
What is -33 (base 15) in base 4?
-300
What is 3 (base 4) in base 13?
3
2 (base 14) to base 12
2
What is 10 (base 7) in base 6?
11
What is 110 (base 2) in base 6?
10
Convert 12 (base 3) to base 5.
10
22 (base 5) to base 7
15
What is 2202 (base 4) in base 12?
116
Convert -222 (base 4) to base 5.
-132
What is 212 (base 4) in base 13?
2c
What is -2222 (base 3) in base 15?
-55
What is 26 (base 8) in base 4?
112
Convert 4 (base 8) to base 3.
11
Convert 2 (base 7) to base 10.
2
Convert -23 (base 5) to base 3.
-111
Convert 6 (base 12) to base 8.
6
What is 4 (base 12) in base 14?
4
What is 40 (base 7) in base 10?
28
-254 (base 6) to base 4
-1222
Convert 0 (base 13) to base 14.
0
-2 (base 6) to base 8
-2
-101 (base 2) to base 6
-5
What is 4 (base 9) in base 7?
4
Convert -3 (base 14) to base 4.
-3
Convert -23 (base 4) to base 5.
-21
What is a6 (base 13) in base 5?
1021
-4 (base 9) to base 3
-11
What is -af (base 16) in base 3?
-20111
What is 10 (base 2) in base 11?
2
Convert -1e (base 15) to base 16.
-1d
Convert -322 (base 7) to base 12.
-117
What is 0 (base 2) in base 16?
0
What is -323 (base 6) in base 5?
-443
What is 101 (base 2) in base 16?
5
Convert 14 (base 12) to base 7.
22
-11110 (base 2) to base 16
-1e
What is 101101 (base 2) in base 10?
45
What is 11 (base 14) in base 12?
13
Convert -25 (base 6) to base 14.
-13
What is -11 (base 4) in base 16?
-5
-47 (base 14) to base 10
-63
What is -41 (base 15) in base 7?
-115
What is -120 (base 3) in base 6?
-23
-1 (base 11) to base 5
-1
What is -42 (base 16) in base 5?
-231
What is -1 (base 14) in base 7?
-1
4 (base 8) to base 2
100
11 (base 4) to base 10
5
What is -3 (base 6) in base 14?
-3
Convert 226 (base 7) to base 16.
76
Convert -23 (base 7) to base 4.
-101
What is -38 (base 15) in base 11?
-49
1100011 (base 2) to base 16
63
18 (base 16) to base 3
220
-30 (base 10) to base 8
-36
What is -10 (base 6) in base 8?
-6
Convert 3 (base 11) to base 16.
3
-202 (base 9) to base 12
-118
What is 33 (base 9) in base 7?
42
-109 (base 12) to base 13
-ba
What is 25 (base 14) in base 9?
36
What is -6 (base 7) in base 15?
-6
-35 (base 14) to base 2
-101111
24 (base 8) to base 12
18
Convert 325 (base 9) to base 6.
1122
Convert 2 (base 13) to base 14.
2
40 (base 12) to base 3
1210
What is 399 (base 10) in base 11?
333
-4 (base 16) to base 8
-4
1 (base 15) to base 5
1
-111101 (base 2) to base 10
-61
What is 10 (base 2) in base 16?
2
What is 1 (base 4) in base 9?
1
Convert -20 (base 5) to base 11.
-a
What is 1c (base 16) in base 2?
11100
Convert 3 (base 11) to base 5.
3
-2 (base 15) to base 9
-2
What is -43 (base 6) in base 16?
-1b
What is -b (base 12) in base 8?
-13
-5 (base 7) to base 14
-5
What is -3 (base 9) in base 14?
-3
Convert -5 (base 7) to base 14.
-5
What is 161 (base 7) in base 6?
232
Convert -1 (base 9) to base 16.
-1
-21 (base 5) to base 11
-10
40 (base 6) to base 7
33
What is -12 (base 8) in base 6?
-14
What is -4 (base 14) in base 8?
-4
Convert -1 (base 9) to base 11.
-1
What is 243 (base 5) in base 16?
49
-87 (base 16) to base 10
-135
What is 4 (base 6) in base 14?
4
What is 11032 (base 4) in base 13?
1c9
What is -1 (base 2) in base 14?
-1
Convert -30 (base 4) to base 14.
-c
5 (base 10) to base 16
5
Convert 1 (base 5) to base 11.
1
What is -5 (base 14) in base 15?
-5
154 (base 6) to base 2
1000110
What is 4 (base 12) in base 9?
4
Convert 108 (base 14) to base 2.
11001100
Convert -44 (base 10) to base 13.
-35
11 (base 8) to base 7
12
-3b (base 16) to base 11
-54
Convert -3 (base 9) to base 15.
-3
What is -23 (base 5) in base 2?
-1101
Convert 7 (base 16) to base 9.
7
Convert -1032 (base 4) to base 6.
-210
Convert 1b (base 16) to base 8.
33
What is 10011111 (base 2) in base 9?
186
3 (base